 2*j + 25 = -137. Let o = 275 + j. What is the hundreds digit of o?
1
Let l(k) = -k + 2. Let j be l(-8). Let t(s) = -4*s + 8*s - 4*s - s**2 + j*s + 5. What is the tens digit of t(9)?
1
Let q(b) = -b**2 + 32*b + 20. Suppose -k - 2*k + 70 = -4*p, -2*k = 3*p - 58. What is the units digit of q(k)?
6
Suppose -28*z + 23*z = -810. Suppose 9*b = -45 + z. What is the units digit of b?
3
Let j(u) = 56*u**3 + 2*u**2 - 4*u + 8. What is the units digit of j(2)?
6
Let c be 1 + (0 + 1)*3. Suppose -w = c*w - 80. Suppose w = 5*t - 4*t. What is the units digit of t?
6
Let w = 376 - 282. What is the units digit of w?
4
Let b(h) = h**2 + 7*h + 10. Let c be b(8). Let v be (-9)/((-45)/c) + 3. Let r = 21 + v. What is the units digit of r?
0
Let j(p) = 2*p + 2. Suppose 0 = 5*y + 9 + 11. Let n be j(y). Let l = 28 + n. What is the tens digit of l?
2
Suppose -z = -6*z - 30. What is the hundreds digit of (z/3)/2 - -153 - -1?
1
Suppose 3*h - 4 + 10 = 0, 4*j - 2*h - 3712 = 0. What is the hundreds digit of j?
9
Suppose 0 = 5*s + 5*z, 5*z - 4 = -24. Suppose s*w - 35 - 39 = -f, -5*f = -4*w - 250. Let y = -27 + f. What is the units digit of y?
7
Suppose 13*i + 933 = 16*i. What is the tens digit of i?
1
Let j = -99 + 101. Let m = 286 + -583. What is the tens digit of m/(-9) - (-4)/j?
3
What is the hundreds digit of 442/65*((-274)/(-2) + 3)?
9
Suppose 136 = d + 4*d + 3*t, 5*d - 4*t = 122. Let s(a) = a**3 + 9*a**2 - 9*a - 5. Let g be s(-9). Let l = g - d. What is the tens digit of l?
5
Let x(o) = 2*o**2 - 14*o + 4. What is the hundreds digit of x(17)?
3
Suppose -2*l = -5*u + 4960, 4*u + 1118 - 5098 = 4*l. What is the tens digit of u?
9
Suppose 3*n + 34 = n. What is the units digit of ((-84)/2)/(n + 16)?
2
Let t be 1*6/(-21) + (-90)/(-21). Suppose -g = -c + t*g + 146, -g = 4. What is the tens digit of c?
2
Let p be (10/4 + -2)/((-1)/(-10)). Suppose 3*d + 4*u = -u + 76, u - 90 = -p*d. What is the units digit of d?
7
Let o(u) = 46*u - 618. What is the tens digit of o(62)?
3
Suppose 0 = -3*l + 4*m - 7, 0 = l + 4*m - 8*m + 13. Suppose l*x - 56 - 4 = 0. What is the units digit of x?
0
Let x be 3 - -71 - 2/(-2). Let m = 12 - 8. What is the units digit of x/m - (-9)/(-12)?
8
What is the hundreds digit of 820/15*(780/8)/13?
4
Suppose 4*d + 2*w = 3664, 922 = d + 18*w - 19*w. What is the hundreds digit of d?
9
Let m = -12 + 17. Suppose -463 = -m*b + 3*t, -2*b - 3*t = -4*t - 186. What is the tens digit of b?
9
Suppose 17 = 7*l - 32. Suppose -465 + 1718 = l*x. What is the tens digit of x?
7
What is the tens digit of (-8)/28 + 45598/98?
6
Let o(r) = -r**2 + 10*r - 11. Let x be o(6). Suppose -3*h + 23 = -28. Let v = h - x. What is the units digit of v?
4
Suppose -2*d + 11 = -1. What is the units digit of (-2 - 16/(-12)) + 100/d?
6
Suppose 2*p + 3 = 5*v, -5*p + v - 6*v = -45. Suppose p*c + 4 = 5*c. What is the tens digit of (28/c)/((-4)/20)?
3
Let g = 26 + -23. Suppose -3*m + 297 = 5*k, -54 = -m + g*k + 45. What is the tens digit of m?
9
Let g(k) = -k**2 + 11*k - 3. Let o = 12 + 6. Let y = o - 9. What is the tens digit of g(y)?
1
Let s(c) = c**3 + 53*c**2 - 280*c + 80. What is the thousands digit of s(-57)?
3
Let o(p) = -p**2 + 26*p - 26. Let k be o(13). Let q = -69 + k. What is the units digit of q?
4
Let u = -154 + 208. What is the tens digit of u?
5
Let s be (4/(-5))/(11/55) - 13184. What is the hundreds digit of s/(-66) + (-2 - 72/(-33))?
2
Let k(i) = -i**3 + 6*i**2 - i + 8. Let n be k(6). Let m be -2*(3 + -2*n). Suppose 21 = m*z + l, -l = -4*z - 0*l + 45. What is the tens digit of z?
1
Let p = -982 - -5082. What is the hundreds digit of p?
1
Let p(q) = 6*q - 32. Let t(x) = x**2 - 3*x + 6. Let f be t(4). What is the units digit of p(f)?
8
Suppose -8*r = -11*r - 60. Let d = r - -22. Suppose 4*w - d*f - 166 = 0, -3*w + 0*f + 127 = -f. What is the units digit of w?
4
Suppose 5*s = 5*w + 10995, 590 = s - 3*w - 1619. What is the tens digit of s?
9
Suppose -2*r - 6 = 0, 4*v - 559 = 2*r - 2029. Let z(h) = h**2 - 19*h - 8. Let s be z(18). What is the units digit of 4/s - v/117?
3
Suppose -r + 174 = 4*h, -2*h + 228 = 3*h - 4*r. Suppose 0*n - h = 2*n. Let s = 30 - n. What is the tens digit of s?
5
Suppose 4*o + 0 - 1 = 3*i, -3*o = 5*i - 37. Suppose j + 3*j + 128 = 2*s, 0 = 3*s + i*j - 214. What is the units digit of s?
8
Let w(x) = -x**3 + 9*x**2 - 8*x + 4. Let z be w(8). Let m be (9/z)/((-3)/(-12)). Suppose m = q + 2*q. What is the units digit of q?
3
Let p(v) = -6*v - 21. Let r(a) = a - 25. Let h be r(10). What is the units digit of p(h)?
9
Suppose 69*l - 25879 = 45536. What is the thousands digit of l?
1
Let y(v) = 5*v**2 - 8*v + 4. Suppose 0*l = -2*l + 10. Let t be y(l). Let u = t + -50. What is the tens digit of u?
3
Suppose -3165 = -2*k + 345. What is the tens digit of k?
5
Suppose -67*s + 69606 = -13*s. What is the thousands digit of s?
1
Suppose 2646 = 25*f - 19*f. What is the units digit of f?
1
Suppose 2*i = 4*v - 0*i + 14, -5*v = i + 35. Let y(p) be the first derivative of p**4/4 + 7*p**3/3 - p**2/2 + 2*p + 249. What is the units digit of y(v)?
4
Suppose -1931*s - 60330 = -1946*s. What is the tens digit of s?
2
Let h(g) = 69*g - 148. What is the thousands digit of h(24)?
1
Suppose 0*d - 2*h = -3*d + 5, -5*d - 3*h - 17 = 0. Let w(p) be the third derivative of -2*p**6/15 + p**5/30 - p**3/6 + 8*p**2. What is the tens digit of w(d)?
1
Let z(q) = -q**3 + 8*q**2 - 6*q - 4. Let w be z(7). Let t(l) = 14*l**2 - w*l + 1 + 4 + 6*l**2 - l**2. What is the tens digit of t(2)?
7
Let x(q) = -2*q - 8*q + 5*q - 23 - 9*q. What is the hundreds digit of x(-10)?
1
Let z = 91 + -50. Let l = z + -2. Suppose -5*h - l = -w, 6 = -2*w + w - 4*h. What is the tens digit of w?
1
Let t(y) = -410*y + 121. What is the thousands digit of t(-8)?
3
Suppose 3*v + 0*v = 78. Let c(b) = -b - 4. Let q be c(5). Let a = v + q. What is the units digit of a?
7
Let u(q) = -2*q - 6. Let b(l) = l - 1. Let i(m) = -6*b(m) + 3*u(m). What is the tens digit of i(-4)?
3
Let m = 134 + -135. Let c = 46 + -18. Let p = c + m. What is the units digit of p?
7
Let m = -10 + -4. Let q be -3*2/12*m. Suppose -q*p + 415 = -33. What is the tens digit of p?
6
Suppose -2*v = 3 + 13. Let x(t) be the third derivative of t**6/120 + 2*t**5/15 - t**4/8 + t**3/3 + 6*t**2. What is the units digit of x(v)?
6
Suppose -3*o - 6330 = -3*p, p + 0*o = -5*o + 2092. What is the thousands digit of p?
2
Let y(r) = -r**2 - 11*r - 1. Let f(q) = -q**2 - 11*q - 2. Let i(v) = -4*f(v) + 5*y(v). Let h(z) = 17*z + 162. Let m be h(-10). What is the units digit of i(m)?
7
Let g(u) = -5*u - 28. Let l be g(-7). Suppose 107 = l*f - 628. What is the units digit of f?
5
Let w = -2626 - -3893. What is the hundreds digit of w?
2
Let z(y) = -y - 1. Let q(p) = 2*p + 9. Let g(b) = q(b) + 3*z(b). Suppose -4 = 2*r - 4*a, 4*a + 5 = -r + 9*a. What is the units digit of g(r)?
6
Let t(h) = -5 - 16*h + 11*h - 8*h + 0. Let i(o) = -6*o - 2. Let g(v) = -5*i(v) + 2*t(v). What is the units digit of g(2)?
8
What is the thousands digit of 36/10*(-11305)/(-38)?
1
Let s be ((-2)/4)/(2/44). Let l(v) = v**3 + 11*v**2 - 5*v - 1. What is the units digit of l(s)?
4
What is the units digit of -5*((-12)/(-21) - 13830/70)?
5
Suppose 3 + 0 = p. Suppose s + 4*s = 4*n - 2, 2*n = -p*s + 12. Suppose 10 = z - l, 3*z + s*l = -2*l + 9. What is the units digit of z?
7
Suppose -2*f + 1600 = -4*x, f + 5*x = -128 + 956. What is the tens digit of f?
0
Suppose -3*n + 12500 = -5*g + 2937, -4*n = -2*g - 12760. What is the units digit of n?
1
Let t(f) = -f + 106*f**2 + 16*f - 105*f**2 - 2. What is the hundreds digit of t(-23)?
1
Let x(w) = w**2 - 2*w - 15. Let n = -35 + 42. What is the tens digit of x(n)?
2
Suppose 3*y = y + 36. Suppose -4*p + 2*p + y = 0. Suppose 5*d - 31 - p = 0. What is the units digit of d?
8
Let u = -10 - -14. Suppose 3*i - r - 39 = 0, -u*i + 6*i - 19 = 3*r. What is the tens digit of i?
1
Suppose -39*h = -28003 - 31316. What is the thousands digit of h?
1
Let t(o) = 3*o + 7. Let j be t(6). Let a = j - -67. Let h = a + -62. What is the tens digit of h?
3
Suppose -6*w + 7336 = 8*w. What is the hundreds digit of w?
5
Suppose k = 2, -3*k = 4*i - 0*k + 82. Let v = 54 - i. What is the units digit of v?
6
Let o = -3515 - -5856. What is the hundreds digit of o?
3
Let i(r) = -354*r - 16. Let q be i(-2). Let f = q - 38